 the greatest common factor of z and 7?
7
Let h = 0 + -31. Let k = 41 + h. Let i(o) = 2*o**2 - 2*o + 3. Let y be i(3). Calculate the greatest common divisor of k and y.
5
Let g be 2/(-7) - 198/(-7). Suppose -2*d + 4*u = 8 + 6, 5*u = -3*d + 34. Suppose -5 + 17 = d*o. Calculate the highest common divisor of o and g.
4
Let b be 111/21 + (-4)/14. Suppose 61 + 24 = b*t. What is the greatest common divisor of 153 and t?
17
Let v(u) = -9*u. Let r be v(-11). Suppose 3*k - 30 = 5*a + 17, -77 = -3*k - a. Let p = 35 - k. Calculate the greatest common factor of r and p.
11
Suppose -5*m - 38 = -138. Suppose -h + 3*h - 10 = 0, 2*p - 11 = h. What is the highest common divisor of p and m?
4
Let g = 55 + -113. Let l = 69 + g. What is the highest common factor of 44 and l?
11
Let n be (-9)/(-6)*(-5944)/6 - -1. Let p be ((-4)/10)/(27/n). Suppose -35 = -4*c + 9. Calculate the greatest common divisor of p and c.
11
Suppose 0 = 7*i - i + 36. Let p(c) = 3*c**2 + 14*c - 7. Let m be p(i). What is the highest common factor of 119 and m?
17
Let d be 10/115 - (-2736)/276. What is the highest common divisor of d and 530?
10
Suppose 6 = 3*i + 3*g, 2*g = 5*i - 2*g + 35. Let l be (-60)/18*i/(-2). Let b be (48/30)/((-2)/l). Calculate the highest common divisor of b and 24.
4
Suppose w = 3*k - 1068, 4*k - 12*w + 10*w = 1422. What is the greatest common divisor of k and 21?
21
Let t be 0*((-12)/3)/4. Suppose t*z - 161 = -7*z. What is the greatest common divisor of 46 and z?
23
Suppose -2*k = -3*a - 5, -2*a = -a + 5*k + 13. Let g(m) = -14*m - 13. Let h be g(a). Calculate the highest common divisor of 29 and h.
29
Let b(i) = -i**2 - 13*i + 2. Let p be b(-13). Suppose -p*z = -4*z + 60. What is the highest common factor of z and 12?
6
Suppose 156*w - 149*w - 420 = 0. Calculate the highest common factor of 195 and w.
15
Let m = 33 - 41. Let d be (-204)/m + 1/2. What is the highest common factor of d and 39?
13
Let u be (-40 - -4)/9*(-8)/2. Let g(t) = t**3 - 4*t**2 - 4*t + 7. Let p be g(5). What is the greatest common divisor of u and p?
4
Let o be 10 - (0/1 + 0). Let b = -13 + o. Let j = 181 - b. What is the highest common factor of 23 and j?
23
Let i be 1/(((-3)/90)/(-1)). Let x(o) = 10*o - 35. Let u be x(7). Suppose 0 = -5*k + 340 + u. Calculate the highest common divisor of i and k.
15
Let o be (-448)/35*5/1. Let p = -45 - o. Suppose -608 = z - 5*z. Calculate the highest common factor of p and z.
19
Let i be 17955/76 + -3 + 11/4. What is the greatest common factor of i and 177?
59
Let m be (-10 - (13 + -111)) + (-2)/(-1). Calculate the greatest common divisor of m and 210.
30
Suppose 5 = 2*h - 3. Suppose -5*s + 977 = -k, 5*s - h*k + 259 = 1242. Calculate the greatest common factor of s and 39.
39
Let a(m) = 17*m**2 - 4*m - 4. Let w be a(-3). What is the greatest common divisor of w and 23?
23
Let f(p) = p - 1. Let u(y) = -4*y - 20. Let k(x) = 10*f(x) + u(x). Let z be k(6). What is the highest common factor of 30 and z?
6
Suppose -4*z + 50 = z. Let d = -2 + 5. Let p be (-2)/d + 664/6. Calculate the greatest common factor of p and z.
10
Let g be (-102)/459 - ((-848)/9 - 0). What is the highest common divisor of g and 1222?
94
Let x = 888 - 860. Calculate the highest common divisor of 224 and x.
28
Let g = 31 - 26. Suppose -g*c + 4 + 41 = 0. What is the greatest common divisor of 9 and c?
9
Let x be (-2)/(-3 - 1)*-12 - -84. What is the greatest common divisor of x and 18?
6
Let b = -1019 - -1184. Calculate the highest common factor of 715 and b.
55
Let l = -97 - -121. Calculate the highest common divisor of 156 and l.
12
Let c(b) be the second derivative of 76*b**3/3 + 8*b. Let m be c(1). Calculate the highest common factor of 19 and m.
19
Suppose 0 = -x + 5*r - 10, -5*r + 23 - 28 = -2*x. Suppose 4*w - w - 33 = 0. Suppose -w = -l + 49. What is the highest common factor of x and l?
15
Let d = 2468 + -1954. What is the greatest common factor of 2 and d?
2
Suppose 3*y = 3*x - x - 333, -x = -2*y - 164. What is the highest common divisor of 29 and x?
29
Let v be (8*1)/((-7)/7). Let s = v - -16. Calculate the highest common divisor of s and 1.
1
Suppose -2*n + 77 + 73 = 0. Let t be -8*(n/(-12))/(-5). Let x be (264/t)/(3/(-10)). What is the highest common factor of x and 8?
8
Suppose -3*w - 96 = -2*r, 2*r + 6*w - 100 = 8*w. What is the highest common divisor of 297 and r?
27
Let p = -714 + 790. Calculate the highest common divisor of p and 57.
19
Suppose -2*w - 4*x = -34, 3*w + 13 = 4*w + 4*x. Suppose -5*r + 3 = -87. Let j = 60 - r. What is the greatest common divisor of j and w?
21
Suppose -3 = -2*b - 2*v + 11, -1 = 2*b - 3*v. Suppose 2*c - 2*z - 389 = z, 0 = -4*z + b. What is the highest common divisor of 28 and c?
28
Let u = 676 + -666. What is the greatest common factor of u and 510?
10
Suppose 3*d + 889 = -2*q + 2874, -d - 5*q = -653. What is the highest common divisor of 13 and d?
13
Let h be 32/18 - 2 - (-10)/45. Suppose 3*n - 3*w + 285 = 8*n, 3*n + 2*w - 171 = h. What is the highest common factor of 19 and n?
19
Let t(y) = 4*y**2 - y**2 + 6*y + 2 + 7 - 3. Let q be t(-4). What is the greatest common factor of 75 and q?
15
Suppose -373*u = -352*u - 16128. Calculate the highest common divisor of u and 288.
96
Let l = -2207 + 2223. Let q(r) = -r**2 + 7*r - 2. Let g be q(6). Let c = g + -2. What is the greatest common factor of c and l?
2
Let j = -395 - -400. What is the greatest common factor of 35 and j?
5
Let q be 0/(-5)*2/4. Let n be (-2 + 3)*q - -3. Suppose -5*j + n*j - 9 = -5*f, 4*f - 5*j + 3 = 0. What is the greatest common factor of 3 and f?
3
Suppose 0 = -0*t - 5*t + 5. Suppose 0 - 1 = 2*p - 5*z, -p + 7 = 5*z. What is the greatest common divisor of t and p?
1
Suppose 0*k = -2*k - 5*c + 135, 4*k - 285 = 5*c. What is the greatest common factor of 126 and k?
14
Suppose -2*y - 176 = 33*m - 34*m, -560 = -3*m - 2*y. What is the highest common factor of m and 69?
23
Let x = -877 + 975. Calculate the highest common divisor of 28 and x.
14
Let o(h) = 3*h + 12. Let m(l) = -4*l - 13. Let r(u) = -2*m(u) - 3*o(u). Let t be r(-13). Suppose -a - 54 = -t*a. What is the greatest common factor of 54 and a?
27
Let y(f) = 10*f + 222. Let u be y(-9). What is the highest common divisor of 3828 and u?
132
Suppose a - 5 = 3. Suppose b = a*b - 308. Calculate the greatest common factor of 66 and b.
22
Let s = 338 + -330. Calculate the greatest common divisor of 76 and s.
4
Suppose 2*h - 24 = -2*o, 5*o - o + 3*h - 48 = 0. Suppose -2*s = -68 - 52. What is the greatest common factor of o and s?
12
Let m be 5/(15/(-2))*63. Let y be 11 + -11 + 1*60. Let w = y + m. Calculate the greatest common factor of w and 45.
9
Let m be -42 - (-4 + 1 + 1). Let d be (m/(-2))/((-6)/(-3)). Let o be ((-8)/(-24))/((-1)/(-12)). Calculate the greatest common factor of o and d.
2
Suppose 20 = -5*m, -4*m + 1 = -3*g - 1. Let a = -5 - g. Suppose l + a = 0, -l = -r + 3*l + 11. Calculate the greatest common factor of r and 7.
7
Let o = 9 + 1. Suppose -2*j + o - 4 = 0. Suppose -2 = -0*b + j*b - 5*u, 14 = b + 2*u. Calculate the highest common factor of b and 36.
6
Let c be (54/(-8))/((-2)/24). Let k be (-20 - -8)/((-4)/3). What is the greatest common factor of c and k?
9
Suppose -a = -4*a + 1296. Calculate the greatest common divisor of 48 and a.
48
Suppose 6*l - 2*l = 8. Let s = -56 + 72. What is the greatest common divisor of s and l?
2
Suppose -54*y + 4981 = -23207. What is the highest common factor of 232 and y?
58
Suppose -4*q - 3 = -19. Calculate the greatest common factor of q and 20.
4
Suppose -2*z = 4*z + 2532. Let s = z - 1346. Let o be s/(-14) + (-10)/35. Calculate the greatest common factor of 14 and o.
14
Suppose b - t = 83, 13*b + 3*t = 12*b + 87. What is the greatest common divisor of b and 8?
4
Suppose -5*k = -219 - 61. Let g(a) = -8*a. Let u be g(-1). Calculate the greatest common divisor of k and u.
8
Suppose -13 = -3*a - 1. Let v = 6 - a. Suppose -3*x - 2*t = -158, 0 = -v*t - 1 + 3. What is the greatest common factor of x and 13?
13
Let j(f) be the second derivative of f**3 - 3*f**2/2 + 2*f. Let i be (-4*(-9)/12)/((-1)/(-1)). Let d be j(i). What is the greatest common divisor of 135 and d?
15
Let w = -30 - -78. Suppose 0*u = -u + y + w, 4*y = -4*u + 192. Suppose 4*o = 8*o - u. Calculate the greatest common divis